(6). Let r be (-288)/(-20) - 4/p. What is the highest common divisor of r and 98?
14
Suppose -s + 5*s - 704 = 0. What is the highest common divisor of 22 and s?
22
Let d be ((-95)/(-3))/(3/9). Let r = 24 + 14. Calculate the greatest common divisor of r and d.
19
Let r be (-6)/(-3) - (-13 - 2). Calculate the highest common divisor of r and 51.
17
Suppose -4*i + 84 = 2*h, 0 = -3*i - 2*h + 70 - 6. Suppose 0 = -5*w - 0*w + i. Let y be (-3)/12 + 289/w. What is the highest common divisor of 8 and y?
8
Suppose -5*x - 5*f + 173 = -3*f, -x + 37 = f. What is the highest common factor of 55 and x?
11
Let j = 4 - 3. Let h(d) = d**2 + 5*d + 4. Let x be (12/18)/(1/(-9)). Let c be h(x). What is the greatest common factor of j and c?
1
Let h = 183 + -131. Calculate the greatest common factor of h and 4.
4
Let l = -23 - -56. Calculate the greatest common factor of l and 132.
33
Let a(h) = -h**2 + 8*h - 1. Let y be a(7). Let s be 4/((8/4)/6). What is the greatest common factor of s and y?
6
Let u(a) = 12*a + 1. Let r be u(1). Let k = 151 - 37. Let d = k + -49. Calculate the greatest common divisor of d and r.
13
Let i be 32/14 + 18/(-63). Suppose 11 = i*n - 49. Calculate the greatest common divisor of n and 20.
10
Suppose -2*d - 7 = -3*c + 10, 0 = 4*c - 2*d - 24. What is the greatest common divisor of 28 and c?
7
Suppose -5*o + 68 = -172. Let w(a) = 2*a**2 - 4*a. Let z be w(4). What is the greatest common divisor of z and o?
16
Let b be (-4)/(-6) - (-4)/(-6). Let j be (b/(-2) + -33)*-1. What is the highest common divisor of 22 and j?
11
Suppose 0 = 2*j + q - 119, 3 + 1 = -4*q. Suppose -3*m = -3, -5*f + 10 + 25 = -5*m. Let s = f - -4. Calculate the greatest common divisor of j and s.
12
Suppose 4*i = 18 - 2. Let v be (-7)/(-28) + 158/8. Calculate the highest common factor of v and i.
4
Suppose 0 = 2*z + 4*z - 1836. What is the highest common divisor of z and 34?
34
Suppose -13 = -4*y - 1. Let x be (-4)/y*6*-1. What is the greatest common factor of 4 and x?
4
Let y be -2 + -2 + 1 + -1. Let a be 1/(-4) + (-13)/y. Calculate the greatest common divisor of 27 and a.
3
Suppose -5*p - 4*m = -585 + 16, -5*p + 4*m = -601. Let w = p + 9. Suppose -79 = -5*z + 11. Calculate the greatest common divisor of w and z.
18
Let h be 6/9 - (-4)/3. Calculate the greatest common divisor of 4 and h.
2
Let r be 1/(4/112)*2. Let b(n) = 2*n - 1. Let q be b(4). What is the greatest common factor of q and r?
7
Suppose 2*i - 36 - 18 = -4*l, -2*i + 50 = 2*l. Suppose 50 = 3*k + w, k - 12 = -4*w + i. What is the greatest common divisor of 5 and k?
5
Suppose -3*b + 8*b = 360. Suppose 0*f = f. Suppose f = -j + 4*s + 21, 15 = s - 6*s. What is the greatest common divisor of j and b?
9
Let n(z) = z**2 - 12*z - 11. Let v be n(13). Calculate the greatest common factor of v and 1.
1
Suppose 5*f + h = 70, -h = 1 + 4. Calculate the highest common divisor of f and 60.
15
Let c(x) = -10*x + 37. Let q be c(3). What is the greatest common divisor of q and 2?
1
Let r = -391 - -644. Calculate the highest common factor of 23 and r.
23
Suppose 20 = 7*t - 5*t. Let a(i) = 29*i - 1. Let k be a(-1). Let l = 0 - k. What is the greatest common divisor of l and t?
10
Let l = -23 - -30. Suppose 0 = 3*w - 2 - l. What is the greatest common factor of 9 and w?
3
Let k(n) = -n + 3. Let s be k(5). Let t(q) = 13*q**2 + 3*q + 2. Let r be t(s). Calculate the highest common factor of 12 and r.
12
Let g = 16 + -13. Suppose 2*m = -2*b - g*m + 39, -54 = -3*b - 3*m. Calculate the highest common factor of 187 and b.
17
Let i be (-1)/(0 - (-1)/(-2)). Suppose -i*c = -0*n + 3*n - 317, 5*n = c + 524. Calculate the highest common factor of 42 and n.
21
Let k be (-9)/21 + 972/63. What is the greatest common divisor of k and 60?
15
Let z = -23 - -53. Let r(t) = -2*t + 4. Let m(c) = -2*c + 3. Let h(w) = -4*m(w) + 5*r(w). Let y be h(-6). Calculate the highest common divisor of y and z.
10
Let r(z) = 59*z**2 - z + 2. Let m be r(1). Let i be 13 - (3 + -2*1). What is the greatest common divisor of m and i?
12
Suppose 427 = 5*i - 173. What is the greatest common divisor of 15 and i?
15
Let c(r) = r**3 - 2. Let s be c(2). Suppose -2*k = 3*k - 5. Calculate the highest common divisor of k and s.
1
Let w be (-6)/2 + 3 - 966/(-3). Calculate the greatest common divisor of 46 and w.
46
Let z = 10 + 5. Suppose -3*d - z + 2 = -5*q, -5*q + 25 = -5*d. Let r(n) = -8*n + 7. Let i be r(d). What is the greatest common factor of 5 and i?
5
Let l be -13 - -5 - (-3 + 0). Let o(t) = t**2 + 5*t + 6. Let b be o(l). Calculate the highest common divisor of 42 and b.
6
Let w be ((-9)/(-6))/((-6)/(-32)). Calculate the highest common divisor of 12 and w.
4
Suppose -320 + 75 = -7*m. Calculate the greatest common divisor of 70 and m.
35
Suppose 3*k + 17*i - 6 = 22*i, -2*k + i = -4. Let x = -3 + 5. Calculate the greatest common divisor of x and k.
2
Let s(r) = 11*r. Let y be s(1). Suppose -y*v - 1725 = -6*v. Let z be (-4)/5*v/6. What is the greatest common factor of z and 69?
23
Let h(j) = 12*j**2 + 6*j - 6. Let n be h(1). Suppose -5*p = -0*f - 2*f + 289, p + 5*f = -47. Let s = 39 - p. What is the greatest common factor of n and s?
12
Let a = 0 - -2. Let g be (-573)/6*a - 2. Let q = -109 - g. What is the greatest common factor of q and 12?
12
Suppose -4*m + 29 - 9 = 0. Let n = -61 - -135. Suppose -n = -m*o - 29. Calculate the highest common divisor of 63 and o.
9
Let d = 84 - 58. Let t = 14 - -168. Calculate the highest common divisor of t and d.
26
Let k be -1 + 4/(-8)*-50. Calculate the highest common divisor of k and 6.
6
Suppose 4*v - 3*j - 72 = 0, j + 109 = 5*v + 2*j. What is the greatest common divisor of v and 21?
21
Suppose 20 = -5*v, -z + v + 17 = -2*v. Suppose z*y + 65 = 3*q, -4*y + y = -6. Calculate the greatest common factor of 5 and q.
5
Let v = 40 + -22. What is the greatest common factor of 162 and v?
18
Suppose z - 5 = -0*z. Let b = z - 1. Suppose 3*n = n + 8, -160 = -b*o - 5*n. What is the greatest common factor of o and 5?
5
Let h = 32 + -10. Suppose -4*y + 150 = h. Calculate the highest common factor of 8 and y.
8
Let u(p) = 2*p - 6. Let c be u(7). Let f(z) = -3*z. Let i be f(-1). Suppose -i*a = -36 - 12. What is the greatest common factor of c and a?
8
Let n be (-3)/6 - 27/(-6). Suppose u - n*u + 9 = 0. What is the greatest common divisor of u and 3?
3
Let h = -6 - -12. Let d be h/(-9) - (-14)/(-6). Let f = d - -9. What is the greatest common divisor of 18 and f?
6
Let r(v) = -9*v + v**2 + 3 + 6 + 3. Let m be r(8). Suppose 4*u + 0*x - 152 = m*x, -4*u - 3*x + 180 = 0. What is the highest common divisor of 6 and u?
6
Let u be (0 + -7)*(1 - 0). Let b(v) = -3*v + 9. Let a be b(u). Let s = 31 + -16. What is the highest common divisor of s and a?
15
Suppose r = -r - u - 28, 0 = -4*r - u - 54. Let l = r + 21. Let a(d) = 11*d - 8. Let z be a(l). What is the highest common factor of z and 32?
16
Let l be (2 + 0)*(-9)/2. Let m = -4 - l. Calculate the greatest common factor of 2 and m.
1
Let p = 12 + 63. Suppose 2*n - p = -3*n. Calculate the highest common divisor of 5 and n.
5
Suppose -d = -3*i - 3, -6*i = -5*i - 2*d - 4. Let c be 1/i - 18/(-4). Suppose 0*z - 70 = -5*z + 4*l, 0 = -l - 5. What is the highest common divisor of c and z?
2
Let z(u) = -9*u**3 + u**2 + 4*u + 4. Let b be z(-1). Let i be 2/(-8) - (-81)/4. What is the greatest common divisor of b and i?
10
Let v(s) = -s**3 + 7*s**2 - s + 9. Suppose -28 = -2*k - 2*k. Let m be v(k). Let b be (3 - m)/((-1)/(-3)). What is the highest common factor of b and 9?
3
Let v(s) = -1 + s**2 + 4 + 4 + s + s. Let m be v(-9). What is the greatest common divisor of m and 14?
14
Let d be (-1)/5 + 48/15. Let g = 7 + -2. Suppose -4*s = -4*x - 8, 4*s - g*x - 7 = 2*s. Calculate the highest common divisor of d and s.
1
Suppose -5*y = -y + 48. Let x be 22*(-1)/(8/y). Calculate the highest common factor of x and 11.
11
Suppose -4*o + 3*o + 3 = 0. Let g be -3 + 50 - (-3)/o. Calculate the greatest common factor of g and 72.
24
Let q be 9/(-6)*(-32)/6. What is the highest common factor of q and 1?
1
Let x = -11 + 19. What is the greatest common divisor of 32 and x?
8
Let z be 145/9 - (-3)/(-27). What is the greatest common divisor of 24 and z?
8
Suppose d + 37 = 156. Let x be ((-35)/(-4))/(-5)*16. Let w = 45 + x. What is the grea